2 + v/34?
3
Let t = -58 + 61. Suppose -2*z - 6*c - 2 = -c, t*z + 3 = -3*c. What is the tens digit of (12 - 14)/(z/(-50)*-1)?
0
Suppose 0 = -p - 8*p. Suppose 4*l = 3*f - 355, p = -2*f + 6*l - 3*l + 235. What is the units digit of f?
5
Let k(l) = 38*l**2 - 11*l + 34. Let x be k(7). Suppose -4*z + 3*h + x = 0, -3*z + 4*h + 441 = -925. What is the tens digit of z?
5
What is the units digit of ((-7009406)/1156)/((-1)/(-2) + -1)?
7
What is the tens digit of ((-72)/(-21))/(7*(-3)/(-95550))?
0
Let v(k) = -k**3 + 27*k**2 + 48*k + 574. What is the hundreds digit of v(23)?
7
What is the ten thousands digit of 32/(4 + 0) - (24 - 13495)?
1
Let y = -9534 - -23880. Suppose -y + 43056 = 30*b. What is the units digit of b?
7
Let v = 84 + -173. Let j = -6174 - -6350. Let u = v + j. What is the tens digit of u?
8
Let x(m) = -m**3 - 24*m**2 + 43*m - 39. Let k(g) = -g**2 + 34*g - 90. Let h be k(32). What is the tens digit of x(h)?
9
Let g = 269 + -161. What is the hundreds digit of 4*(27/g - (-774)/8)?
3
Let z be 1*(4/(-4) - -212). Suppose 77 = 2*u - z. What is the hundreds digit of u?
1
Let c = -33 + 38. Let g be 4/10 - (-648)/c. Suppose 3*o - o - g = 0. What is the units digit of o?
5
Suppose h = 4*m + 2027, 0 = h - 0*h + 3*m - 2006. What is the tens digit of h?
1
Suppose -423 = 2*z - 6*h + 5*h, -3*h = 4*z + 861. Let w = 1642 + z. What is the hundreds digit of w?
4
Suppose 0 = -67*s + 61*s + 43284. What is the tens digit of s?
1
Let d = -28245 + 49388. What is the units digit of d?
3
Let m be 78/(-10) + 16/20. Let x(k) = -33*k + 24. What is the units digit of x(m)?
5
Suppose d - 10 = -r - 0*d, 4*r - 5*d = 85. Let q(m) = -2*m + 34. Let k be q(r). What is the units digit of (-4)/(-32)*202 + (-1)/k?
5
Suppose 2*q = 4*d + 63552, -52*q - 127098 = -56*q + 2*d. What is the units digit of q?
4
What is the thousands digit of (-14 + 21)*(-2986)/(-7) + (0 - -3)?
2
Suppose -4*n + 6*k - 2*k + 4 = 0, -3*k = 2*n - 22. Suppose -5*h + 20 = -0*d - 3*d, -4*h + 16 = n*d. Suppose -h*p - 4*p = -328. What is the units digit of p?
1
Let h = 53687 - 34760. What is the ten thousands digit of h?
1
Suppose -3*r + v = 2, 5*v + 3 = 2*v. Let x be 1 - r - (-6 - -85*3). What is the hundreds digit of x/(-1) + (64/4)/(-4)?
2
What is the tens digit of (-53608)/(-12) - 100/75?
6
Let f = 46 + -30. Suppose 8 = -f*i + 40. Suppose -4*s + i*s + 264 = -3*j, 0 = -2*s - j + 280. What is the tens digit of s?
3
Suppose -129323 = -8*t + 72997. What is the tens digit of 2*(t/4)/15?
4
Suppose -d + 10 = -5*i - 5*d, 4*d + 20 = 0. Suppose 11*r - 7*r - 2157 = -k, -4*r + i*k = -2154. What is the units digit of r?
9
Let j = 87 - 87. Let i = j - 238. Let s = -70 - i. What is the units digit of s?
8
Let i(o) = -253*o + 159. What is the hundreds digit of i(-10)?
6
Suppose 2*b = -5*d + 1807, d + 5*b = -3*d + 1449. Suppose 3*w + z = 1366, -2*w + z + 543 = -d. What is the hundreds digit of w?
4
Let a = 0 - 12. Let z be 21/(-1 - 15/a). What is the tens digit of (-3)/(-2)*z/9?
1
Suppose 4*i + 2*p - 250 = 0, 5*p + 22 = 3*i - 198. What is the hundreds digit of 213 - i/(-39)*(0 + -3)?
2
Suppose 35*f - 6*f - 607485 = 178734. What is the thousands digit of f?
7
Suppose 4*t - 6033 = 5*r + 3135, -t + 1833 = -r. Let d = -996 - r. Suppose 13*h = h + d. What is the tens digit of h?
7
Let x = 42 - 38. Suppose 254 = i + 5*j, 6*i - x*j - 452 = 4*i. What is the hundreds digit of i?
2
Suppose 2*b + 3*l - 69297 - 97946 = 0, 334500 = 4*b + 4*l. What is the thousands digit of b?
3
Suppose 11*r - 13*r = -2*x - 30, 3*r = -x + 41. Let b(c) = 3*c**2 - 24*c - 11. What is the units digit of b(r)?
1
Suppose -517 = -2*q + 1235. What is the tens digit of q + 7/(7 + -14)?
7
Let x(f) be the first derivative of f**5/20 - f**4/2 - 3*f**3/2 + f**2/2 - 9*f + 1. Let o(c) be the first derivative of x(c). What is the units digit of o(8)?
7
Suppose -16*z + 5*z - 4235 = 0. Let w = z + 685. What is the hundreds digit of w?
3
Let r be 1 + 112 - (10 - (-91)/(-7)). Suppose r + 311 = i. What is the hundreds digit of i?
4
Suppose -42*c + 108544 + 421171 = -279121. What is the thousands digit of c?
9
Let r(l) = -l**2 - 1. Let t(v) = -2*v**2 + 3*v + 8. Let p(q) = 4*r(q) + t(q). Let y be p(6). Let f = y - -274. What is the tens digit of f?
8
Let n(w) = -7*w**3 - 12*w**2 + 6*w + 9. Let b(s) = -13*s**3 - 25*s**2 + 12*s + 15. Let m(q) = -6*b(q) + 11*n(q). What is the hundreds digit of m(-16)?
6
Suppose 2*t - 216296 = -4*g, -7*t + 8*t = 0. What is the ten thousands digit of g?
5
Let l be (61 + -53)*(-2)/(4/(-1)). Suppose -f = 5*o + 4*f - 1300, l*f - 8 = 0. What is the units digit of o?
8
Let i = 101 + -61. Let h = 130 - 134. Let p = i - h. What is the tens digit of p?
4
Let r be 57/228 + 1/4*31. Suppose r*k - 14*k = -150. Suppose -6*v + 65 + k = 0. What is the tens digit of v?
1
Suppose 0 = -2*n - 2*z - 4194 - 8442, 0 = -5*n + 4*z - 31635. What is the hundreds digit of (-2)/(-11) - n/11?
5
Let w = -21 - 254. Let b = w + 505. What is the hundreds digit of b?
2
Let v be 1*2/1*(-16)/(-16). Suppose -2*l + 30 = 3*x, -3*x + v*l + 34 = 2*x. Suppose 4*t - 2*t + 2*d - 44 = 0, -4*d = -x. What is the tens digit of t?
2
Let w(p) = p**2 - 3*p - 24. Let y be w(7). Suppose 0 = y*j - 152 - 68. Let b = -17 + j. What is the units digit of b?
8
Let z be -2*(12/(-4))/((-6)/4). What is the tens digit of -1 - (-1825)/((-20)/z)?
6
Let b be (350/(-20))/((-3)/6). Suppose -36*q = -b*q + 69. Let o = q - -167. What is the units digit of o?
8
Suppose 7*o - 3287 = 2*o + 3*g, o - 653 = 5*g. Suppose 5*r = 3*r, 2*m - o = 3*r. What is the hundreds digit of m?
3
Let v be (-2)/20*-2 - 248/(-10). What is the tens digit of v + -4*(-5)/(-20)?
2
Suppose 3 = -3*q + 24. Suppose -j - 2*i = -202, 0 = j + q*i - 4*i - 203. What is the tens digit of ((-72)/30)/((-5)/(j/3))?
3
Let l(y) = -y**3 + 4*y**2 + y + 4. Let s be l(4). Suppose -3*z + f - s = -8*z, 0 = 2*z + 3*f + 2. What is the units digit of ((-8)/(-6))/(z/63)?
2
Suppose 4*f + 4*t = 28, -5*t = -4*f + 35 + 2. What is the hundreds digit of f/(32/(-12)) + 246?
2
Let a(s) = s**3 - s**2 - 5*s + 4. Let h = -56 - -96. Let x = 43 - h. What is the units digit of a(x)?
7
Suppose -5*x + 423 = 2*o, -4*x = -2*o + 170 + 226. Suppose -o = -2*a + c - 2, -5*c - 500 = -5*a. What is the tens digit of a?
0
Suppose -5*b - 10 - 5 = 0, 35703 = 4*w - b. What is the hundreds digit of w?
9
Let s(u) = 2149*u - 55. What is the thousands digit of s(13)?
7
Let w(n) = n + 35. Suppose 26 + 22 = 4*a. What is the units digit of w(a)?
7
Suppose -86*d + 3483439 + 646367 = 0. What is the ten thousands digit of d?
4
Let l(q) = q**2 - 7*q. Let y be l(5). Let x = -855 + 856. What is the units digit of (x + -1 - -15)*y/(-10)?
5
Let y = -547 - -547. Let p be ((-24)/(-10))/((-6)/(-280)). Suppose -3*v = k - p, y = -v - 2*k + 5*k + 34. What is the units digit of v?
7
Let r(s) = 223*s - 1050. What is the tens digit of r(111)?
0
Suppose 5*h + 11*h - 48 = 0. Suppose h*l = 12, 379 = x - 0*x + 2*l. What is the units digit of x?
1
Suppose -7*i - 5*c + 8*c + 73614 = 0, -4*i + 42045 = 5*c. What is the tens digit of i?
1
What is the tens digit of (-6)/(-9) + (-30892)/(-84)*7?
7
Suppose 0 = -62*s + 64*s - 16, -s + 58593 = 5*y. What is the tens digit of y?
1
Suppose -5*d + 65 = -0. Let l = d + 138. Suppose -l - 8 = -3*v. What is the tens digit of v?
5
Let z(i) = i**2 + 2*i - 2. Suppose -3*f - 9 = -4*q + q, 0 = -5*f - 2*q + 6. Let r be z(f). What is the units digit of (1 - -2)*(-26)/r?
9
Suppose -1721 + 1083 = -6*r + 2896. Let s = 0 - -3. Suppose -5*u + 617 = -3*h, s*u - 4*h + r = 8*u. What is the tens digit of u?
2
Suppose 4*k - 71 = -67. Let f be (4 - k)*-1 - -546. Suppose -4*r = 139 - f. What is the tens digit of r?
0
Suppose 7*d = d + 6. Let k be 2/(16/22) - d/(-4). Suppose 0 = -f - a + 66, 2*f - 199 + 72 = -k*a. What is the tens digit of f?
7
Let x = -449 - -1880. What is the thousands digit of x?
1
Let r be (-2)/13 - (-308)/143. Suppose -r*v = -t - v + 240, 4*v = -t + 250. Let m = t - 60. What is the hundreds digit of m?
1
Let i(h) = -40*h**2 + 42*h**2 - 41*h + 29*h. What is the units digit of i(13)?
2
Let d be -7 - 1 - 3 - -9. What is the tens digit of d/9 + (-35889)/(-27)?
2
Suppose 57123881 = 585*l + 5267726. What is the tens digit of l?
4
Let t = 12 - 20. What is the tens digit of 2286/48 - 3/t?
4
Let z b